e the greatest common factor of 1746 and s.
18
Let v(s) = -s**3 - 6*s**2 - 3*s - 8. Let l be v(-6). Let y be 98 - (9/3 + 15). What is the highest common factor of y and l?
10
Let q(l) = -2*l**2 - 95*l - 717. Let f be q(-33). Suppose 7 + 38 = 3*r. What is the greatest common divisor of f and r?
15
Let v = 22089 - 15891. What is the highest common factor of 18 and v?
6
Suppose -2279 = -17*q - 319 + 3276. Calculate the greatest common factor of 42 and q.
14
Suppose 0*i + 2*i - 462 = 0. Let h be (20/50 - (-398)/(-20))*-2. Suppose -h = -2*o + 27. Calculate the highest common divisor of i and o.
33
Let z = 50 - 30. Suppose 49*x - 58*x = 104*x - 14690. What is the greatest common divisor of z and x?
10
Let c = 94 + -89. Suppose -3*z = 5*j - 150, 2*z + c*j + 0*j = 95. Let a be (-3 + z + 2)*2/6. What is the highest common divisor of a and 2?
2
Let t be (-2 - 312)*((-117)/6 - 1). What is the highest common factor of 287 and t?
41
Suppose 39 - 10 = m. Let w = -85 + m. Let x be (w/(-6))/((56/(-60))/(-7)). What is the greatest common divisor of x and 10?
10
Let l be -2*1 - (2 + 10/(-2)). Let g be l/2*(-3 - -5). Let b(r) = 3*r - 15. Let i be b(8). What is the greatest common factor of i and g?
1
Let f = 4621 + -4531. What is the greatest common factor of f and 20?
10
Suppose 0 = -4*k + 20, -13 - 76 = 4*f - 5*k. Let c = f + 53. What is the highest common divisor of 185 and c?
37
Let m = 301 + -301. Suppose 2*w - 214 + 83 = -5*p, -3*w - 2*p + 169 = m. What is the greatest common divisor of w and 106?
53
Let h be (-2 - 11898/36)*(-1 + -1). Calculate the highest common factor of 140 and h.
35
Let y be ((-8)/10)/(35/(-175)). Let b be (10/8)/((-2)/(-24)). Suppose -a = -3*d - b, -a = -2*a - y*d + 1. Calculate the highest common factor of 9 and a.
9
Let y = 8324 - 5580. Calculate the greatest common divisor of y and 980.
196
Suppose -2*r + 140 = -6*r. Let y = r + 49. Let z = 976 - 941. Calculate the highest common divisor of z and y.
7
Let j = 245 - 198. Let n = 56 - j. Calculate the greatest common factor of 72 and n.
9
Let v(s) be the second derivative of -12*s - 1/2*s**3 - 1/12*s**4 + 6*s**2 + 0. Let o be v(-5). What is the highest common factor of o and 34?
2
Let m = 6400 - 5280. What is the highest common divisor of 3840 and m?
160
Let z = 1109 + -1683. Let q be (-9)/(-72) - z/16. Let o be (q/(-20) - -1)*-10. What is the highest common divisor of 20 and o?
4
Let n = 218 + -302. Let d = -57 - n. Calculate the highest common factor of d and 405.
27
Let p(b) = 24*b**2 - b - 2. Let h be p(2). Let f = -72 + h. Let l = f + -14. What is the greatest common divisor of l and 66?
6
Suppose -58*d = 19*d - 10934. What is the greatest common factor of 1775 and d?
71
Let m = -1398 + 1714. What is the highest common factor of 32 and m?
4
Suppose -3*f = -6*f + 42. Let i be (-17 - -14) + f + 1. Suppose 2*k = n + i + 9, 2*n - 21 = -3*k. What is the greatest common factor of k and 27?
9
Let i(a) = 2*a**2 + 4*a - 1. Let l be i(-4). Suppose 0*u + 3*b + 1 = -u, -2*u = 3*b + 11. Let f = l + u. Calculate the highest common factor of 55 and f.
5
Suppose 0 = 5*n + 12 - 42. Suppose 4*o = 4*w + 36, -4*o + 51 = -w + n. Let t = -378153 - -378165. Calculate the highest common factor of o and t.
12
Let w = 435 - 445. Let t = w - -42. Calculate the highest common divisor of t and 4.
4
Suppose -82*x + 48*x = -42*x + 544. What is the highest common divisor of 306 and x?
34
Let w be (129/43)/((-6)/10). Let c be 6/15 + ((-4608)/w)/6. Calculate the greatest common divisor of c and 88.
22
Suppose -2*x + 2*v + 16 = 0, -11*v + 8*v + 18 = 4*x. Calculate the highest common divisor of 486 and x.
6
Let y be -14 + (6950/10)/5. What is the greatest common factor of 8 and y?
1
Suppose 56 = -2*g + 22. Let a(q) = -28*q + 8*q + 9 + 0*q**3 - 19*q**2 - q**3 + q**2. Let z be a(g). What is the highest common divisor of z and 20?
20
Let x(g) = g**3 + 13*g**2 + 29*g - 19. Let p be -5 - ((-57)/(-15) - 20/25). Let w be x(p). Calculate the greatest common divisor of 3 and w.
3
Let b(p) be the third derivative of 0 + 0*p - 17*p**2 - 4/3*p**3 + 5/24*p**4. Let z be b(2). Calculate the greatest common divisor of z and 1.
1
Let o = 4131 - 4119. What is the highest common divisor of o and 516?
12
Suppose -18*s = -22*s - 3*f + 21, 0 = 5*s - 6*f - 36. Calculate the greatest common factor of 1173 and s.
3
Let y = 16 - 9. Suppose 0 = 14*q - 67 - 3. What is the greatest common divisor of y and q?
1
Suppose -576*j + 578*j - 18 = 0. Let x(l) = 71*l + 145. Let u be x(j). What is the highest common divisor of u and 56?
56
Suppose 59*g - 51*g + 8 = 0. Let s be (67 - (-15)/g) + 1*5. Suppose 76 = 3*f - f. What is the highest common factor of f and s?
19
Let m = 604 + -284. Let w be 75/(-50)*192/(-9). Calculate the greatest common factor of w and m.
32
Suppose -105*j + 69*j = -137448. Calculate the highest common divisor of j and 332.
166
Let t(g) = -g**3 - g**2 - 2. Let s = 52 + -47. Let q be (5/(-2))/s*(-17 + 23). Let z be t(q). Calculate the highest common divisor of 112 and z.
16
Suppose 2430 = 3*m - 3*u, -m + u - 802 = -2*m. Suppose 0 = -w + g + 197, -5*w + 149 = g - m. Calculate the greatest common factor of w and 12.
12
Suppose 5*v = -0*v - 3*k - 446, 4*k = 5*v + 467. Let j = v + 101. Suppose j*s - 75 = 25. Calculate the greatest common factor of s and 140.
10
Suppose 174 = 5*b + h, -148 = -626*b + 622*b - 3*h. Calculate the highest common divisor of 10217 and b.
17
Suppose 0 = 11*p - 39755 - 33406. What is the greatest common factor of p and 9?
9
Suppose n - 4*l - 489 = 0, -4*n - 14*l = -11*l - 1880. What is the highest common divisor of n and 319?
11
Suppose 3*o - o - 6 = 0. Suppose -3*x + o*h + 360 = 0, 3*h = -2*x + 70 + 190. Suppose -x = -2*i - 0*i. Calculate the highest common factor of i and 155.
31
Suppose -1732*b + 1702*b + 178230 = 0. Calculate the highest common divisor of 39 and b.
13
Suppose 2*y - 3220 = -11*y - 127*y. Calculate the highest common divisor of 4163 and y.
23
Let q = 1805 + -1615. Let t = 63 + -43. Calculate the greatest common divisor of t and q.
10
Let d be ((1430/(-44))/(-13))/(4/3408). Calculate the greatest common divisor of d and 30.
30
Suppose -o + 65 = f + 3*f, -165 = -3*o - 2*f. Let b be 0/2 + -4 + 5 + -48. Let c = o + b. What is the highest common divisor of c and 30?
6
Let n = -390 - -675. Let r = n + -272. What is the greatest common divisor of r and 65?
13
Let g(n) = -23*n**2 + 3*n - 30. Let k be g(4). Let t = k - -555. What is the greatest common factor of t and 52?
13
Let p = -2236 + 2243. Let i(k) = 0 - 2 + 2*k**2 + 3*k - 7*k. Let w be i(p). Calculate the greatest common factor of 34 and w.
34
Let x(i) = i**3 + 20*i**2 - 139*i - 1772. Let t be x(-14). What is the greatest common factor of 800 and t?
50
Suppose 143 = 3*b + 4*c, 14*b + 33*c - 28*c = 599. Let t(n) = -225*n + 1. Let r be t(-2). What is the greatest common factor of b and r?
41
Suppose 16*d - 13222 = -4*q + 1610, -d = 4*q - 912. What is the greatest common factor of d and 256?
32
Suppose -44*a - 250 = -48*a - 5*k, -4*a + 244 = 2*k. Calculate the highest common divisor of a and 372.
12
Suppose 0 = 75*i - 43*i - 38*i + 2106. Suppose -3*w + 5*w - 54 = 0. Calculate the highest common divisor of i and w.
27
Let y be 46/(-14) - 12/(-42). Suppose 5*r + 5*u = 2*u - 7, 0 = -2*r + 5*u - 9. Let v be -3 - -10*(3 + (y - r)). What is the highest common factor of 17 and v?
17
Let p(b) = -2*b**2 + 12*b + 13. Let o be p(6). Let g(z) = 9*z + 73. Let k be g(o). Calculate the highest common factor of 20 and k.
10
Let c = 22991 + -20741. What is the highest common factor of 1375 and c?
125
Let c = -1016 - -1286. What is the highest common factor of 360 and c?
90
Let g be 4/(-16) - (-10090)/40. Calculate the greatest common divisor of 196 and g.
28
Let t be (-652)/(-3)*(-39)/26. Let c = -308 - t. Calculate the highest common factor of 522 and c.
18
Suppose -2*s - 3*s = -515. Suppose s = -2*x + 5*k, -k = -x + 3*x + 97. Let n = x + 59. Calculate the highest common divisor of n and 2.
2
Suppose -50*z + 95503 = 126*z - 46353. Calculate the highest common divisor of z and 868.
62
Let i be 79 + 45845 - (-3)/(12/(-20))*1. Calculate the greatest common factor of i and 47.
47
Let a(d) = -d**2 - 13*d - 22. Let b be a(-8). Let y(z) = -8 + 38 - b - z**2 + 